 2*h - 5*q + x, q = -4*h. What is the tens digit of r(h)?
7
Suppose -m - 299076 = -5*i, -145*m + 143*m = 2. What is the tens digit of i?
1
Let f be ((3 + -1)/(-2))/(1/(-5)). Suppose -f*x + 232 + 593 = 0. What is the hundreds digit of x?
1
Let p(d) = d**3 + 23*d**2 + 2*d + 34. Suppose 5*f - 3*y + 115 = 0, 2*f - y + 48 = 2. Let h be p(f). Let u = h - -83. What is the units digit of u?
1
What is the hundreds digit of (85525/1100)/((-519)/(-516) - 1)?
3
Let a(v) = 2753*v**2 - 2754*v**2 + 4 + 6*v - 3 - v. Let p be a(4). Suppose f + 73 = 2*f - b, 365 = p*f - b. What is the tens digit of f?
7
Let x = 5200 - -85705. What is the ten thousands digit of x?
9
Suppose 2*z + 3*d - 33 = 2*d, 3*z - 43 = 5*d. Suppose 0 = -z*c + 1396 + 252. What is the units digit of c?
3
Suppose 4*c + 170 = 9*c. Suppose -26*v - 608 = -c*v. What is the tens digit of v?
7
Suppose 19*i - 41*i = -31350. What is the tens digit of i?
2
Suppose 176*h = 341*h - 174*h + 102384. What is the thousands digit of h?
1
Let k be 7672/63 + (-2)/(-9). Suppose 127 = -p - h - h, -p - h = k. Let z = p - -199. What is the tens digit of z?
8
Let y = 381 - 378. Suppose y*x - 1932 = 441. What is the units digit of x?
1
Suppose 29*n - 13176 = 20*n. Suppose -23*w - n = -26*w. Let r = w - 281. What is the hundreds digit of r?
2
Let c(m) = -m**3 + 12*m**2 + 14*m - 3. Let z be c(13). Suppose z*n + 441 = 13*n. Suppose -4*x + x = -n. What is the tens digit of x?
4
Let m(g) = -25*g + 14. Let d = -160 + 147. What is the tens digit of m(d)?
3
Let b(q) = -36965*q**3 + 2*q**2 + 33*q + 33. What is the units digit of b(-1)?
7
Let z be -5 + -6*1*(-6)/(-12). Suppose -3*w = 3*s - s - 844, 0 = 2*s - 5*w - 812. What is the tens digit of (90/z)/((-39)/s)?
2
Let v(u) = 11*u**2 - 24*u - 7. Let j be v(10). Let s = j + -373. What is the tens digit of s?
8
Let i = 19601 + -3430. What is the units digit of i?
1
Let y = -923 + 934. Let k(p) = p**3 - 11*p**2 + 64*p + 10. What is the hundreds digit of k(y)?
7
Let b(c) = -33*c - 33. Let m = 57 - 69. Let d be b(m). Suppose 2*g - 348 = z + z, -2*g + 5*z + d = 0. What is the units digit of g?
9
Suppose 2*j - 1144 = -5*h, 5*j - 922 = -0*h - 4*h. Let m = h + -47. What is the units digit of m?
1
Suppose 5*p - 940 = -4*c, 0 = -5*p - 0*c + 4*c + 940. Let z be p/(-8)*(10 - 4). What is the units digit of (-3 - (-4 - -3)) + 2 - z?
1
Suppose 7*x + 542 = -354. Let c = x + 1099. What is the units digit of c?
1
Suppose 0 = -f + 1, 0 = -2*j - 5*f + 3*f + 49320. What is the hundreds digit of j?
6
Suppose -5*b = -g - 53314, 5*b - 49255 = 5*g + 4075. What is the hundreds digit of b?
6
Let o = -176 + 576. Let p = -78 - -81. Suppose -p*l + o = 154. What is the units digit of l?
2
Suppose -2*c = -4*x + 5 - 37, -4*x - 12 = 3*c. Let g be 92/(-22) - x - 4/(-22). What is the units digit of (g - -262) + -2 - (0 - 2)?
4
Suppose 0 = 5*z - 483 - 9444 - 27673. What is the tens digit of z?
2
Suppose 6*u - 3*u - 6 = 0. Suppose u*b = 6*b. Suppose b*y + 26 = 2*y. What is the tens digit of y?
1
What is the tens digit of ((-15)/5)/(30/(-27340))*8?
7
Let y(r) = 1052*r**2 - 341*r + 2729. What is the thousands digit of y(8)?
7
Let o(y) = -y**3 + 8*y**2 - 10*y + 10. Let i be o(7). Let h(g) = g**2 + 14*g + 11. Let b be h(i). Let d = b - -71. What is the units digit of d?
9
Suppose -4*d + 3*o = -130900, -330*o = -3*d - 336*o + 98208. What is the tens digit of d?
2
Let v be (-24)/(-8)*-1 - 0. What is the tens digit of ((-22)/v)/(-11 + 4300/390)?
8
Let x(i) = -i**3 - 26*i**2 - 140*i - 3013. What is the hundreds digit of x(-41)?
9
Let k(j) = -j**2 + 17. Let q be k(-11). Let m = q + 248. Let w = -98 + m. What is the tens digit of w?
4
Let g = 5220 + 2582. What is the units digit of g?
2
Let h be (-186)/5*20/(-6). Let b be 1530/204*8/6. Suppose b*t = 9*t + h. What is the units digit of t?
4
Suppose -5*l - 36 = 7*l. Let m be 35 + (12/(-9))/(2/l). Let x = m + -14. What is the units digit of x?
3
Let t be -7 + 2 + 2 - (-9 - 1). Suppose -4*q - 5 = t. What is the hundreds digit of q/(-9)*-1 - 968/(-6)?
1
Let q = -65920 - -94868. What is the thousands digit of q?
8
Let l(o) = -4*o + 241. Suppose 22*t = -12*t. What is the hundreds digit of l(t)?
2
Let d(k) = 644*k**2 + 45*k - 222. What is the hundreds digit of d(7)?
6
Let u = 32606 + -29867. What is the thousands digit of u?
2
Suppose 9*j = 4*t + 10*j - 3208, 3*t - 5*j = 2429. Let b = 251 + t. What is the units digit of b?
4
Let d(l) = -l**3 + 42*l**2 + 43*l + 11. What is the thousands digit of d(31)?
1
Let m(d) = -6*d - 1. Let r be m(-1). Suppose -r*u + 15 + 0 = 0. Suppose 186 = u*o - 3*b, -3*b - b = 20. What is the tens digit of o?
5
Suppose -5*w + 3*w + 746 = 0. Let y = w - -621. Suppose 0 = -6*p - p + y. What is the units digit of p?
2
Let r(w) = -w**2 + 22. Let h be r(5). Let l be ((-66)/18)/((-1)/h). Let a = -7 - l. What is the units digit of a?
4
Suppose -29872 = 52*s - 775604. What is the tens digit of s?
4
Let y = -567 - -3129. What is the hundreds digit of y?
5
Let c(j) = 9*j - 12. Let h = -38 - -30. Let f be c(h). Let t = -59 - f. What is the tens digit of t?
2
Let m(i) = -8*i**2 - 13 - 4*i + 13*i + 381*i**3 - 380*i**3. Let v be m(7). What is the units digit of 10/(-5) - -4 - v?
1
Suppose -28*i + 15 = -25*i - 3*c, 0 = -2*i + 5*c + 16. What is the tens digit of -203*(-16 + 7)/i?
0
Let w(o) = -o**2 - 16*o - 58. Let l be w(-13). Let c(r) = 2*r + 50. What is the tens digit of c(l)?
1
Let p(v) = -v**3 + 5*v**2 + 5. Let t be p(5). Let i be t*(-2 - 1 - 2). Let h = 41 + i. What is the units digit of h?
6
Let q be (-2 + 2)/(-1 + 2). Suppose 458 = 2*y - 5*v, y + 6*v - v - 229 = q. Suppose -4*s + y + 287 = 0. What is the hundreds digit of s?
1
Suppose -5*b + 10*b + k - 31 = 0, 2*k = -3*b + 20. Let c(d) = 2*d + 19 + 3*d + 8 - b*d. What is the units digit of c(11)?
6
Let y(f) = -f**3 + 15*f**2 + 3*f - 79. Let u be (-2 - -4)/((-12)/(-66)). What is the tens digit of y(u)?
3
Let a = -34 + 31. Let o(h) = -12*h**3 - 2*h**2 - 10*h - 9. What is the units digit of o(a)?
7
Let b(p) = 98*p + 23*p + 1 + 4 + 57*p. Let m be b(1). Let w = 322 - m. What is the tens digit of w?
3
Let j = -189 + 126. Let c = -62 - j. What is the units digit of ((-2 + -167)/c)/(-27 + 26)?
9
Suppose 15*a = 173*a - 7295334. What is the ten thousands digit of a?
4
Let u be 3*1 + (1 - 3) + -5. Let h(v) = -4*v - 8. Let k(j) = 3*j + 9. Let f(d) = u*k(d) - 5*h(d). What is the tens digit of f(8)?
6
Let t be ((-2)/(-8)*4)/((-2)/(-824)). Suppose -7*g + t = -645. What is the tens digit of g?
5
Let f(u) = 58*u**2 - 19*u - 6. Let z be f(6). Suppose -7*k + z = 9*k. What is the hundreds digit of k?
1
Let i(l) = l**3 + 80*l**2 - 204*l + 151. What is the thousands digit of i(-81)?
0
Suppose 12*i - 30 = 7*i. Let j(f) = -12*f - 45. Let s be j(-3). What is the units digit of (-1662)/(-9) + i/s?
4
Let y(s) = 114*s**3 + 5*s**2 - 6*s + 8. What is the tens digit of y(5)?
5
Let z(t) = 2*t**2 - 5*t + 14. Let q be z(5). Suppose -16 = 41*p - q*p. What is the hundreds digit of 36/((p/(-9))/4)?
1
Let f(u) = -u**2 - 10*u + 20. Suppose -3*w + 4*i - 36 = 0, 0*w + 12 = -w - 5*i. Let d be f(w). What is the tens digit of 1*42 - (-4)/d*3?
3
Let a(l) = -6*l**3 + l**2 + 7*l + 1. Let d be a(3). Let k(n) = 14*n + 30. Let m be k(-5). Let r = m - d. What is the tens digit of r?
9
Suppose 0 = -4*t - 2*c - 10, 2*c + 3*c + 25 = t. Suppose t = 4*h - 1225 - 931. What is the tens digit of h?
3
Let u(h) = -h**2 - 31*h - 35. Let p be u(-25). Let i = p - 220. What is the tens digit of ((-1176)/i)/((-4)/(-70))?
9
Let h(c) = c**2 + 24*c + 607. What is the hundreds digit of h(-16)?
4
Let c(j) = 5*j**3 + 25*j**2 + 6*j - 4. Let l be c(-7). Let o = l - -840. What is the hundreds digit of o?
3
Let x(z) = -z**2 + 11*z + 5. Let w be x(11). Let a(h) = -w*h + 2 - 28 - 9. What is the tens digit of a(-10)?
1
Suppose 0 = -3*p + m + 7, -3*p + m - 1 = -4*m. Suppose 3*u - 4*i = 30 - 410, 4*u + p*i = -540. What is the tens digit of (-22)/u + 2/24*526?
4
Suppose 0 = 4*d + 3*s + 474, 10*s = -3*d + 13*s - 366. Let r = -59 - d. What is the units digit of r?
1
Suppose b = -5*u + 19, 37*b = 3*u + 35*b - 14. Let k be (2/(-5))/(4/(-10)). Suppose -72 - k = -3*t + u*w, -3*w = 3. What is the tens digit of t?
2
Let v be (-4)/(8 - 4) + 70. Let k = -64 + v. Suppose 0 = k*w - 5*r - 170, -5*r + 3 = w